t n be (0 + -2)/(4/q). Calculate the highest common divisor of 7 and n.
7
Suppose -33 + 19 = -2*l. What is the highest common divisor of l and 56?
7
Let h(x) = 29*x**2 + x + 2. Let b be h(-1). What is the highest common divisor of b and 15?
15
Let b be 7/(-1 + (4 - 2)). Suppose -b = -n - 0. Let w = n - -28. Calculate the greatest common divisor of w and 7.
7
Let v be (3 - 4) + 4 + 0. Suppose -2*m = v + 27. Let k = m - -40. What is the highest common divisor of k and 10?
5
Let y(v) = -v. Let m be y(-2). Let c = -2 + 6. Suppose -5*p + 0*i - c*i = -18, -18 = -4*p - 5*i. What is the highest common divisor of m and p?
2
Suppose -r + 18 = r. Let v(d) = -d + 21. Let y be v(r). Calculate the greatest common factor of y and 132.
12
Suppose 3*a = g, 2*g - g + 5*a = 8. Suppose -2*v + 0*q = g*q - 73, v - 4*q - 31 = 0. Calculate the greatest common factor of v and 5.
5
Let n be (40 + -39)/((-1)/(-80)). Let w be ((-12)/(-1))/((-3)/(-4)). Calculate the greatest common divisor of n and w.
16
Suppose 3*f - 6*f + 330 = 0. Suppose -2*r = 2*w - 28, -4*w - 2 = -2*r + 2. What is the highest common divisor of r and f?
10
Let j be -6*8/(-3) - -2. What is the highest common factor of 198 and j?
18
Let k be (-6 + 34)/(4/6). Suppose -4*j + 2*i = -i - 53, 5*j - 67 = 3*i. What is the greatest common divisor of k and j?
14
Suppose 2*c - 18 = 22. Let j be (8/3)/(c/30). What is the highest common factor of 4 and j?
4
Let b = -18 - -26. Let h(s) = -s. Let v be h(-8). Calculate the greatest common factor of b and v.
8
Let s = -25 + 55. Suppose 80 = 3*h + h + 3*x, -4*h + 2*x + 80 = 0. What is the greatest common factor of s and h?
10
Let u = 73 + -16. What is the greatest common factor of 19 and u?
19
Suppose -p - p = -8, 3*p = 3*d - 3. What is the greatest common factor of 45 and d?
5
Suppose -3*y - 4*u = -48, y = -4*y + 5*u + 80. Let p = -1 + 7. Let l be 12*(-2 + 44/p). Calculate the greatest common factor of y and l.
16
Suppose 0 = 5*l - 45 + 15. Let z be (-2)/4 + l/4. Let u be (96/128)/((-2)/(-8)). What is the greatest common factor of u and z?
1
Let b = -549 + 563. Let y(x) = 5*x**3 - 3*x**2 + 3*x + 4. Let p be y(-3). Let n be 2/6 + p/(-3). Calculate the greatest common divisor of n and b.
14
Suppose -4*j - 4*j + 896 = 0. What is the greatest common factor of 7 and j?
7
Let m(n) = n**2 + 11*n + 2. Let j be m(7). What is the greatest common divisor of 16 and j?
16
Suppose -2*s - 20 = 3*s. Let m = 7 + s. Suppose -4*b - g + 156 + 38 = 0, -4*g - 136 = -m*b. Calculate the greatest common divisor of 16 and b.
16
Let f be (-24)/14*14/(-2). Let g be (-4)/(-6) - 1424/(-24). Calculate the highest common factor of f and g.
12
Let z(s) = s**3 - 21*s**2 + 4. Let h be z(21). What is the greatest common factor of h and 20?
4
Suppose 10 = -5*b, -3*w - 3*b + 137 + 52 = 0. What is the greatest common divisor of w and 26?
13
Let d be 63/13 - (-96)/624. Let u = -216 + 150. Let h = u - -111. What is the greatest common factor of h and d?
5
Suppose 3*x = 4*a - 187, 279 = 4*a + 3*x + 74. What is the highest common divisor of a and 14?
7
Let c be (5 - 3) + 1*2. Let f = 129 + -121. What is the highest common factor of c and f?
4
Let b = 58 + -34. What is the greatest common divisor of 16 and b?
8
Let z(b) = -6*b**2 + 41*b - 37. Let m(w) = -4*w**2 + 27*w - 25. Let p(y) = 7*m(y) - 5*z(y). Let r be p(13). What is the greatest common divisor of r and 20?
20
Suppose 0 = h + u - 24, -4*h - 3*u + u + 98 = 0. Let z(f) = f**2 + 3*f + 10. Let a be z(-3). Calculate the greatest common divisor of a and h.
5
Let k(h) = -4*h - 6. Let c be 2/((-4)/(-90)) + -3. Suppose -4*i + 7 - c = 5*m, 0 = 3*m - i + 21. Let a be k(m). What is the greatest common factor of a and 88?
22
Let y(u) be the third derivative of u**6/120 + 3*u**5/20 + 7*u**4/24 - u**3/2 + 2*u**2. Let b be y(-8). What is the greatest common factor of b and 55?
5
Suppose 6 = m - c, 0*m + 2*c + 9 = m. Suppose -m*d + d = -56. Suppose 2*z - 10 = 2*w, -4*w + 36 = 4*z - 0*w. What is the greatest common divisor of z and d?
7
Let l be 6/(-9)*6*6. Let v be -2*4/(l/15). What is the greatest common factor of v and 40?
5
Suppose d + 10 = -2. Let c = d - -28. Let u = -30 - -110. Calculate the highest common factor of u and c.
16
Let b = -112 - -180. Calculate the highest common factor of 51 and b.
17
Let l be (-3 - 13)/(8/(-12)). What is the greatest common divisor of 72 and l?
24
Suppose -4*x + 12 = 4. Suppose -4*h = -3*c + 1 + 52, 2*c - 32 = x*h. What is the highest common divisor of c and 44?
11
Let x = 36 + 41. Calculate the highest common factor of 11 and x.
11
Suppose 3*d + d = 12. Suppose -i + 4 = -d*i. Let t be 3/i*1*-2. Calculate the greatest common divisor of 24 and t.
3
Let h(z) = z**2 - 7*z - 1. Let t be h(9). Let b(p) = -14*p - 2. Let s be b(-5). What is the greatest common divisor of s and t?
17
Let f(t) = -t. Let y be f(-4). Let n be 3*4/(-6) + y. Let c = 14 + -10. What is the greatest common factor of n and c?
2
Suppose -5*d - 23 = -c, 0 = -3*d - 1 + 7. Suppose 0 = g - s - 6, 4*g - 3*s - 40 = -g. What is the highest common factor of c and g?
11
Let h = -5 - -41. Let n(k) = k**2 - 3*k + 4. Let f be 2 - 1/(-1 + 0). Let s be n(f). Calculate the highest common divisor of s and h.
4
Let w(p) = -116*p + 1. Let v be w(-1). Let g(h) = -h + 13. Let u be g(0). What is the highest common factor of u and v?
13
Suppose 0 = 7*q + q - 400. Calculate the highest common factor of 10 and q.
10
Let j(a) = 10*a. Let g = 2 + 1. Suppose -5*m + 2*m = -g. Let t be j(m). Calculate the highest common divisor of t and 70.
10
Suppose 5*f = 4*f + 24. Calculate the greatest common factor of f and 16.
8
Suppose -9 + 324 = 5*y. Suppose 4*r = d - r - 4, -5 = -5*r. Calculate the highest common divisor of y and d.
9
Suppose 4*u - 68 = 20. What is the greatest common factor of 22 and u?
22
Let l = 5 - -4. What is the highest common factor of 63 and l?
9
Suppose 4*m + 2*b - 116 - 68 = 0, 0 = -4*b - 16. Let h = -49 - -73. What is the greatest common divisor of m and h?
24
Suppose 2*c = -3*c - 395. Let n = -31 - c. What is the greatest common factor of n and 6?
6
Let u = 1 + 1. What is the greatest common divisor of u and 10?
2
Suppose 182 = 3*l + 44. What is the greatest common divisor of 368 and l?
46
Let w(a) = -2*a**3 - 6*a**2 + 9*a + 9. Let z be w(-5). What is the highest common factor of z and 16?
16
Let x be (-12)/7*14/(-4). Suppose -9 - 3 = -x*w. Calculate the highest common divisor of 20 and w.
2
Let i = 1 + 2. Suppose -5*u = -5*l + 34 - 9, 4*l + 5*u + 7 = 0. What is the highest common factor of i and l?
1
Suppose -4*d - 2*u + 248 = 0, 4*d + 2*u = -d + 308. Calculate the greatest common factor of d and 20.
20
Let v = -66 - -101. Suppose -3*n + 9 = 3. Suppose 0 = 2*m + n - 12. Calculate the highest common divisor of v and m.
5
Let n be ((-36)/(-8))/(2/8). Suppose -n = -4*r + 5*t + 38, -t + 28 = 2*r. Calculate the greatest common divisor of r and 14.
14
Suppose m + 2*w = 24, 2*m - 3*w = 34 + 21. Calculate the highest common factor of m and 26.
26
Suppose -4*p = -3*y - 2, -3*p + 2*p + 8 = 3*y. What is the highest common factor of 16 and y?
2
Suppose -x - 2*v = -v - 51, 88 = 2*x - 5*v. What is the greatest common factor of 147 and x?
49
Suppose -w = 3*w - 144. What is the greatest common divisor of 90 and w?
18
Let q = -1 + 4. Let d be 1*(-1 + q + -8). Let x(j) = -j**3 - 6*j**2 - 3*j - 8. Let h be x(d). What is the greatest common divisor of 10 and h?
10
Let a be (-2)/28*-24*42. Suppose -3*z + 4*z = 9. What is the highest common divisor of a and z?
9
Let s be -1 + 1 - -1 - -18. Let r = 165 - -6. What is the greatest common factor of r and s?
19
Let w be ((-126)/(-4) + 0)/(29/174). What is the highest common divisor of 21 and w?
21
Let v be (24/(-9))/((-4)/864*3). What is the greatest common factor of 24 and v?
24
Let j be (-1)/((-54)/26 + 2). Suppose -3*z + 2*r + 127 = 0, -4*z - 3*r = -107 - 34. What is the highest common divisor of j and z?
13
Let z(b) = -28*b**3 - 2*b**2 - b - 2. Let a be z(-2). Suppose 0 = -5*w + 124 + a. Let c = -41 - -58. What is the highest common factor of c and w?
17
Let h(k) = 2*k + 12 - 2*k + k. Let o be h(-10). Let t be (-25)/o*16/(-10). What is the greatest common divisor of t and 4?
4
Suppose -4*h + i - 5*i - 4 = 0, -h + 2*i = 4. Let a be (-10)/(-3)